). Let x be 3 + ((-320)/5)/s. What is the highest common factor of x and 2?
1
Let z be (-332)/(-14) - 2/(-7). Let h(w) = w**2 - 5*w + 2. Let i be h(1). Let r be (14/i + 11)*8. What is the highest common divisor of z and r?
8
Let j = -170 + 188. Suppose n - 27 = 2. Suppose -n + 5 = -4*g. What is the greatest common factor of j and g?
6
Suppose d - 14*h + 9*h = 229, h - 783 = -3*d. Calculate the greatest common factor of d and 1110.
37
Suppose 0 = 5*q - 7*q. Suppose -7*s + 122 - 59 = q. Calculate the greatest common divisor of 1 and s.
1
Let m(u) = u - 10. Let z(q) = -q**2 - 5*q + 2. Let o be z(-4). Let p = o - -10. Let b be m(p). Calculate the greatest common divisor of 48 and b.
6
Suppose -114*s = -104*s + 6700. Let l = 846 + s. Calculate the highest common divisor of 16 and l.
16
Let v = -220 - 35. Let d = v + 261. Calculate the greatest common divisor of 6 and d.
6
Let j = 426 - 335. Let f = -143 + 157. What is the greatest common divisor of f and j?
7
Let u be (-15357)/(-9) + (-169)/39 + 4 - 5. What is the highest common divisor of 6 and u?
3
Suppose -4*w - 5*b = -521 - 1238, -5*w = b - 2204. Calculate the greatest common divisor of 72 and w.
9
Suppose -908 + 563 = -128*m + 1319. What is the greatest common divisor of 416 and m?
13
Suppose -3*p = -2 - 43. Calculate the greatest common divisor of 12 and p.
3
Suppose l - 70*f - 4017 = -75*f, -3*f = 3*l - 12039. Calculate the highest common factor of l and 340.
68
Let g be 440/(-3740) + (-920)/(-17). What is the greatest common divisor of g and 2943?
27
Let t = 2769 + -2762. Calculate the highest common factor of 90 and t.
1
Let r be (-54 - (-19272)/198)/((-6)/(-9)). Suppose -21 - 5 = -h. Calculate the highest common factor of h and r.
13
Suppose -149*q = -162*q + 8424. Calculate the greatest common factor of q and 24.
24
Suppose 98 = 2*v + 619*a - 615*a, -3*v = -3*a - 129. What is the greatest common factor of 3555 and v?
45
Suppose -7*y = -3*i + 256, -y - 23 = -19. Let h = 11 - 5. Suppose -2*o + h*o - 76 = 0. What is the greatest common divisor of o and i?
19
Suppose -5*o - 5 = -5*y, -2*o + 14 = -4*o + 5*y. Suppose o*m - 29 = 2*m. Suppose -c = 16 - 132. Calculate the highest common factor of m and c.
29
Let r be -1 - -9 - ((-950)/10 + -12). What is the highest common factor of r and 2369?
23
Let w be (78 + -2 + -5)*1. Let x = 91 - w. What is the greatest common divisor of 170 and x?
10
Let s(v) = 4*v**2 + 4*v + 4. Let w be s(-1). Calculate the greatest common factor of w and 816.
4
Let m = 271 - 345. Let b = m - -272. What is the highest common divisor of b and 18?
18
Let v(r) = -2*r**2 - 19*r - 1. Let n be v(-9). Suppose -n*z - 12*z + 300 = 0. What is the greatest common factor of 255 and z?
15
Let f = -2152 + 2260. Calculate the highest common factor of f and 1431.
27
Let j(k) = k**3 + 11*k**2 - 46*k + 4. Let l be j(-14). Calculate the highest common factor of l and 732.
12
Let z(k) = 10*k**2 + k - 4. Let d = -9 - -5. Let l be z(d). Suppose -15*y = -133 - 152. Calculate the highest common factor of y and l.
19
Let t = -26 - -65. Let l = t + -17. Suppose 0 = 3*i + 2*i - 550. What is the greatest common factor of i and l?
22
Let s(t) = 27*t + 1041. Let a be s(-27). Calculate the highest common divisor of a and 1352.
104
Let r be (-215369)/(-63) - 28/18. What is the highest common divisor of 357 and r?
51
Let s = 15 + -6. Suppose 7*j - 215 = -47. Suppose j*q - 27*q = -27. What is the greatest common divisor of s and q?
9
Let y = 787 - 718. Let a = 2 + 90. What is the highest common divisor of y and a?
23
Suppose -i + 5*s + 6 = -1, -4*i + 4*s = -28. Let k be -2*(-4)/(-28) + 16/i. Suppose k*f - 42 = -16. What is the highest common factor of f and 117?
13
Suppose -5*i = z - 252, -12 = -5*i - 2. Calculate the greatest common divisor of 2057 and z.
121
Suppose -19*y - 20*y + 280 = -6311. What is the greatest common factor of y and 533?
13
Let k = -29095 + 31209. What is the greatest common factor of k and 49?
7
Let d be 1/8 - 6/16*(-279301)/33. What is the greatest common divisor of d and 276?
138
Let o be (48/(-14))/((6 - 30/6)/(-49)). Calculate the highest common divisor of 240 and o.
24
Let l = -2691 + 2676. Let x(y) = 9*y - 71. Let r(g) = -5*g + 36. Let n(f) = 9*r(f) + 4*x(f). Let t be n(l). What is the greatest common divisor of t and 70?
35
Let w(h) = h**3 - 53*h**2 - 164*h + 20. Let o be w(56). What is the highest common factor of o and 8?
4
Suppose 2*i - 6*i - 2*n + 16 = 0, 2 = -3*i + 2*n. Suppose -43*l + 38*l + 10 = 0. What is the highest common factor of l and i?
2
Let y = 43 + -40. Suppose -a - y*a + 120 = 0. What is the greatest common divisor of 120 and a?
30
Suppose 1 = s - 2*g, 5*s = 8*s - 5*g - 5. Suppose -s*j - 11 = 5*t - 46, 9 = -3*j. What is the greatest common factor of t and 570?
10
Let v be 6 + (0 + -1)*12. Let j(y) = -15*y - 62. Let o be j(v). Calculate the highest common factor of o and 4.
4
Suppose -4*l - 7*a + 53 = -31, -3*l + a + 13 = 0. Let m = 14 - -35. Calculate the greatest common divisor of l and m.
7
Let d(u) = u**3 + 7*u**2 + 12*u + 22. Let t be d(-5). Let q = 2176 + -2032. What is the greatest common divisor of t and q?
12
Suppose 0 = -5*t - 19 + 59. Suppose -4907 = 97*a - 342*a - 987. Calculate the greatest common divisor of a and t.
8
Let v be 3 + -7 + 2*3. Let s(m) = -m**2 - 12*m. Let x be s(-12). Suppose 2*n - v - 8 = x. Calculate the greatest common factor of n and 2.
1
Suppose 51*a = 49949 - 1550. Calculate the greatest common factor of 52 and a.
13
Suppose 3*p + 254 = 2*w, -2*p - 120 = -4*w + 52. Let r be -140*(p/35 - -2). What is the highest common divisor of r and 21?
7
Suppose -432 + 544 = -29*i + 402. What is the greatest common divisor of 22670 and i?
10
Let z(c) = 76*c**2 + 2*c - 1. Let o be z(1). Suppose 3*v + o = 68. Let i be (v - (-30)/4)*(1 - -1). Calculate the highest common divisor of i and 9.
9
Let c = 4451 + -1731. Suppose 0 = -68*l + 408 + c. Calculate the highest common factor of 207 and l.
23
Let z be -4*(-4)/(-4) + 11. Suppose -z*i + 21 = -35. Suppose 3*q + 6 = 3*u, 0*q - 4 = 5*q - 3*u. Calculate the highest common divisor of i and q.
1
Let v be ((-50)/25)/(0 - (-4)/(-14)). Suppose 5*x - v*x - 760 = -2*q, 0 = -4*q + x + 1535. Calculate the highest common divisor of q and 7.
7
Let a = 12837 + -2178. Calculate the highest common divisor of 646 and a.
323
Suppose -10657 - 24469 = -226*u + 86010. Calculate the highest common factor of 201 and u.
67
Let j(d) = -d**2 - 8. Let p be j(-5). Let n = 39 + p. Let x = -293 - -323. Calculate the highest common factor of x and n.
6
Let b = 342 + -74. Let w be (-4)/22 - b/(-22). What is the highest common factor of 24 and w?
12
Suppose -2*j + 2*h = -41752, 4*h = 118*j - 119*j + 20876. What is the highest common factor of 68 and j?
68
Let f be 973/139 + (-2091)/(-2 - 1). What is the highest common factor of f and 748?
44
Let f(h) = -8*h**2 + 4*h + 17. Let l be f(0). What is the highest common factor of l and 8041?
17
Let b = 6 - -8. Suppose 9*a - 124 = -52. What is the greatest common factor of a and b?
2
Suppose 0 = 779*n + 28*n - 2120 - 62440. What is the highest common factor of n and 3248?
16
Let k = 4602 - 3426. Calculate the greatest common divisor of k and 240.
24
Let a(i) = i**2 + 43*i + 734. Let b be a(-38). Calculate the highest common divisor of b and 1768.
136
Suppose 3*c = 4*c. Suppose -3*a + 14 + 22 = c. Let p(s) = s**2 - 47*s - 300. Let j be p(-6). What is the greatest common divisor of j and a?
6
Let b be (-120)/(-84) + (-4)/(-7) + 5. Let t(w) = -w**2 + 25*w - 28. Let p be t(b). What is the greatest common factor of p and 28?
14
Suppose 5*x + 20 = 3*v, -4*x + 3*x - 1 = 0. Suppose v*z = 16 + 9. Suppose z*n = 3*a + 147, -4*n - 3*a = -65 - 58. What is the highest common factor of n and 75?
15
Let o be 42/8 - 1/4. Suppose 5*y - 263 = -4*a, 154 - 371 = -4*y - a. Calculate the highest common factor of o and y.
5
Let l be 12640/560 - (-1 - (-8)/14). Suppose l*d - 132 = -10*d. Calculate the highest common factor of 3 and d.
1
Let j = 36259 - 35449. What is the highest common factor of 705 and j?
15
Suppose 3*w - 2*w - 9 = l, -23 = -3*w - l. Let p be -1 - w*(-5 - -4). Suppose -5*y = -6*y + 7. Calculate the highest common factor of y and p.
7
Let m be ((-3)/(-5) - 1)/(4/(-80)). Suppose 3*a = m 